s digit of 684104952?
1
What is the hundreds digit of 47337277?
2
What is the hundred thousands digit of 2212140986?
1
What is the millions digit of 1874014742?
4
What is the units digit of 509686887?
7
What is the hundred thousands digit of 17251261?
2
What is the thousands digit of 5347689552?
9
What is the thousands digit of 1458865171?
5
What is the millions digit of 56721405?
6
What is the ten millions digit of 304407144?
0
What is the hundred thousands digit of 360880612?
8
What is the units digit of 4766736306?
6
What is the millions digit of 36663825?
6
What is the ten thousands digit of 10754414?
5
What is the thousands digit of 1166040427?
0
What is the ten thousands digit of 1016097?
1
What is the hundred thousands digit of 53579198?
5
What is the tens digit of 59389691?
9
What is the units digit of 67029317?
7
What is the units digit of 376949507?
7
What is the units digit of 277568005?
5
What is the millions digit of 329225811?
9
What is the hundred thousands digit of 2138365506?
3
What is the hundreds digit of 649335145?
1
What is the tens digit of 23144139?
3
What is the thousands digit of 2347780?
7
What is the units digit of 23101047?
7
What is the millions digit of 41657954?
1
What is the ten thousands digit of 60312396?
1
What is the millions digit of 2596487015?
6
What is the units digit of 6715729052?
2
What is the ten millions digit of 2959068483?
5
What is the thousands digit of 59512500?
2
What is the tens digit of 355452879?
7
What is the units digit of 146626957?
7
What is the thousands digit of 566398585?
8
What is the units digit of 502190436?
6
What is the millions digit of 46849182?
6
What is the ten thousands digit of 70296277?
9
What is the hundreds digit of 3456288144?
1
What is the ten millions digit of 404338063?
0
What is the units digit of 21404618?
8
What is the millions digit of 5164861?
5
What is the thousands digit of 2621410?
1
What is the hundred thousands digit of 60904013?
9
What is the tens digit of 5697274768?
6
What is the ten thousands digit of 2062086034?
8
What is the ten millions digit of 375267684?
7
What is the hundreds digit of 3725329?
3
What is the tens digit of 51727102?
0
What is the hundred millions digit of 255280973?
2
What is the millions digit of 44007597?
4
What is the hundred thousands digit of 2923602227?
6
What is the tens digit of 279497425?
2
What is the millions digit of 3417562715?
7
What is the hundred thousands digit of 3676249430?
2
What is the ten thousands digit of 5670223135?
2
What is the ten millions digit of 1732401443?
3
What is the ten millions digit of 304964776?
0
What is the millions digit of 48242909?
8
What is the ten millions digit of 619948515?
1
What is the hundred thousands digit of 37675835?
6
What is the millions digit of 2622962727?
2
What is the tens digit of 41827643?
4
What is the millions digit of 607530217?
7
What is the ten millions digit of 2309212147?
0
What is the units digit of 61319004?
4
What is the thousands digit of 3356387875?
7
What is the ten millions digit of 1822026868?
2
What is the tens digit of 2905715557?
5
What is the millions digit of 1872816711?
2
What is the millions digit of 4621713?
4
What is the hundred thousands digit of 50003343?
0
What is the tens digit of 45241332?
3
What is the thousands digit of 275531409?
1
What is the hundreds digit of 216003724?
7
What is the ten thousands digit of 1807082954?
8
What is the hundred millions digit of 1431846545?
4
What is the hundreds digit of 19296624?
6
What is the ten millions digit of 279394662?
7
What is the tens digit of 3226319788?
8
What is the ten millions digit of 66543484?
6
What is the ten thousands digit of 663443071?
4
What is the thousands digit of 6408261330?
1
What is the thousands digit of 586489038?
9
What is the hundred millions digit of 1930134361?
9
What is the tens digit of 357757808?
0
What is the hundreds digit of 84636428?
4
What is the thousands digit of 377061402?
1
What is the billions digit of 2852548701?
2
What is the hundreds digit of 225211748?
7
What is the ten millions digit of 470556076?
7
What is the thousands digit of 4577845?
7
What is the millions digit of 117766605?
7
What is the billions digit of 1070322569?
1
What is the ten millions digit of 132043633?
3
What is the hundreds digit of 611348444?
4
What is the millions digit of 156105712?
6
What is the ten millions digit of 31686572?
3
What is the ten millions digit of 130554155?
3
What is the millions digit of 54112403?
4
What is the tens digit of 793738359?
5
What is the thousands digit of 45250539?
0
What is the thousands digit of 234494566?
4
What is the hundreds digit of 80126249?
2
What is the hundreds digit of 8220591?
5
What is the hundred thousands digit of 549365?
5
What is the thousands digit of 53949454?
9
What is the ten millions digit of 12203089?
1
What is the tens digit of 320000233?
3
What is the ten thousands digit of 31358030?
5
What is the units digit of 55348404?
4
What is the millions digit of 71353470?
1
What is the thousands digit of 83541566?
1
What is the ten millions digit of 171010153?
7
What is the hundreds digit of 1702057747?
7
What is the millions digit of 856800074?
6
What is the billions digit of 3527037185?
3
What is the tens digit of 79742786?
8
What is the hundred millions digit of 1260812219?
2
What is the ten millions digit of 127787501?
2
What is the ten thousands digit of 421983418?
8
What is the ten thousands digit of 101006912?
0
What is the millions digit of 197758846?
7
What is the hundreds digit of 14700774?
7
What is the hundreds digit of 17656209?
2
What is the units digit of 9195221?
1
What is the thousands digit of 38096097?
6
What is the ten thousands digit of 612161841?
6
What is the tens digit of 6985865509?
0
What is the ten millions digit of 1016983203?
1
What is the thousands digit of 101273149?
3
What is the ten thousands digit of 83038418?
3
What is the hundred thousands digit of 81519513?
5
What is the millions digit of 104724713?
4
What is the millions digit of 31223445?
1
What is the hundred thousands digit of 2587147547?
1
What is the units digit of 18561032?
2
What is the hundreds digit of 251857594?
5
What is the units digit of 2521788743?
3
What is the hundreds digit of 920793?
7
What is the ten thousands digit of 15615326?
1
What is the tens digit of 919891063?
6
What is the millions digit of 1497200331?
7
What is the hundreds digit of 157026328?
3
What is the hundred thousands digit of 375391379?
3
What is the tens digit of 85189792?
9
What is the millions digit of 8228862315?
8
What is the ten millions digit of 311002544?
1
What is the tens digit of 358485893?
9
What is the hundred thousands digit of 335616601?
6
What is the ten thousands digit of 11112270?
1
What is the units digit of 478361908?
8
What is the units digit of 810063734?
4
What is the hundreds digit of 78645960?
9
What is the hundred thousands digit of 44979749?
9
What is the thousands digit of 106122004?
2
What is the thousands digit of 3935956491?
6
What is the tens digit of 13895568?
6
What is the millions digit of 13540567?
3
What is the hundred millions digit of 2874763344?
8
What is the tens digit of 287915875?
7
What is the tens digit of 107707704?
0
What is the tens digit of 105979511?
1
What is the hundreds digit of 363823601?
6
What is the hundreds digit of 5743066006?
0
What is the ten millions digit of 9504289469?
0
What is the ten millions digit of 357943487?
5
What is the hundred thousands digit of 976505610?
5
What is the millions digit of 1493554907?
3
What is the ten millions digit of 2026466618?
2
What is the thousands digit of 61334811?
4
What is the ten millions digit of 1843458954?
4
What is the units digit of 952548421?
1
What is the tens digit of 591079168?
6
What is the thousands digit of 940423755?
3
What is the hundred millions digit of 660329946?
6
What is the millions digit of 60321286?
0
What is the hundred thousands digit of 390642028?
6
What is the hundred millions digit of 100290418?
1
What is the tens digit of 48814078?
7
What is the hundred millions digit of 1385831698?
3
What is the hundred millions digit of 365848551?
3
What is the units digit of 7165875?
5
What is the ten millions digit of 3742828985?
4
What is the 